{"id":90,"date":"2022-05-18T15:43:45","date_gmt":"2022-05-18T13:43:45","guid":{"rendered":"https:\/\/award.handelsblatt.com\/global-transition-2023\/?page_id=90"},"modified":"2024-06-14T08:28:53","modified_gmt":"2024-06-14T06:28:53","slug":"agb","status":"publish","type":"page","link":"https:\/\/award.handelsblatt.com\/global-transition\/bewerben-2\/agb\/","title":{"rendered":"Teilnahmebedingungen und Einverst\u00e4ndniserkl\u00e4rung"},"content":{"rendered":"<div id='hero-section'  class='av-layout-grid-container av-3ctga-6431ece02c8b8fb16ae917a4592f2893 entry-content-wrapper main_color av-flex-cells  avia-builder-el-0  el_before_av_section  avia-builder-el-first   container_wrap fullsize'  >\n\n<style type=\"text\/css\" data-created_by=\"avia_inline_auto\" id=\"style-css-av-2rk0q-1974d76e166621f2be50a9e9d35e50a9\">\n.flex_cell.av-2rk0q-1974d76e166621f2be50a9e9d35e50a9{\nvertical-align:middle;\nheight:600px;\nmin-height:600px;\nbackground:url(https:\/\/award.handelsblatt.com\/global-transition\/wp-content\/uploads\/sites\/16\/2023\/03\/shifaaz-shamoon-4mQbBC6Do0Y-unsplash-e1653564835868.jpg) 50% 50% no-repeat scroll ;\n}\n<\/style>\n<div class='flex_cell av-2rk0q-1974d76e166621f2be50a9e9d35e50a9 av-gridrow-cell av_one_full no_margin  avia-builder-el-1  avia-builder-el-no-sibling  content-align-middle avia-full-stretch'  ><div class='flex_cell_inner'>\n<style type=\"text\/css\" data-created_by=\"avia_inline_auto\" id=\"style-css-av-1v3nm-7945257c25ab5c676717ee8a6d4a0ea5\">\n#top .av_textblock_section.av-1v3nm-7945257c25ab5c676717ee8a6d4a0ea5 .avia_textblock{\ncolor:#ffffff;\n}\n<\/style>\n<section  class='av_textblock_section av-1v3nm-7945257c25ab5c676717ee8a6d4a0ea5 '   itemscope=\"itemscope\" itemtype=\"https:\/\/schema.org\/CreativeWork\" ><div class='avia_textblock av_inherit_color'  itemprop=\"text\" ><h1 style=\"text-align: center\">TOGETHER FOR A <strong>1.5 \u00b0C FUTURE<\/strong><\/h1>\n<\/div><\/section><br \/>\n\n<style type=\"text\/css\" data-created_by=\"avia_inline_auto\" id=\"style-css-av-1a7km-a979736916042ba3d9d58bd95d6346ca\">\n#top .av_textblock_section.av-1a7km-a979736916042ba3d9d58bd95d6346ca .avia_textblock{\nfont-size:20px;\ncolor:#ffffff;\n}\n\n@media only screen and (min-width: 480px) and (max-width: 767px){ \n#top .av_textblock_section.av-1a7km-a979736916042ba3d9d58bd95d6346ca .avia_textblock{\nfont-size:16px;\n}\n}\n\n@media only screen and (max-width: 479px){ \n#top .av_textblock_section.av-1a7km-a979736916042ba3d9d58bd95d6346ca .avia_textblock{\nfont-size:16px;\n}\n}\n<\/style>\n<section  class='av_textblock_section av-1a7km-a979736916042ba3d9d58bd95d6346ca '   itemscope=\"itemscope\" itemtype=\"https:\/\/schema.org\/CreativeWork\" ><div class='avia_textblock av_inherit_color'  itemprop=\"text\" ><p style=\"text-align: center\"><strong>Gesucht: Deutschlands Vorreiter bei der Dekarbonisierung<\/strong><\/p>\n<\/div><\/section><br \/>\n\n<style type=\"text\/css\" data-created_by=\"avia_inline_auto\" id=\"style-css-av-zv9u-bf0a2546fe58afb489abdbeefc27d622\">\n#top .av_textblock_section.av-zv9u-bf0a2546fe58afb489abdbeefc27d622 .avia_textblock{\nfont-size:12px;\ncolor:#d1edec;\n}\n<\/style>\n<section  class='av_textblock_section av-zv9u-bf0a2546fe58afb489abdbeefc27d622 '   itemscope=\"itemscope\" itemtype=\"https:\/\/schema.org\/CreativeWork\" ><div class='avia_textblock copyright av_inherit_color'  itemprop=\"text\" ><p style=\"text-align: right\">Foto: Shifaaz Shamoon via Unsplash<\/p>\n<\/div><\/section><\/p>\n<\/div><\/div>\n<\/div>\n<div id='av_section_1'  class='avia-section av-1mzzm-85b7366052add888365ea559d418d4c0 main_color avia-section-default avia-no-border-styling  avia-builder-el-5  el_after_av_layout_row  el_before_av_section  avia-bg-style-scroll container_wrap fullsize'  ><div class='container av-section-cont-open' ><div class='template-page content  av-content-full alpha units'><div class='post-entry post-entry-type-page post-entry-90'><div class='entry-content-wrapper clearfix'>\n\n<style type=\"text\/css\" data-created_by=\"avia_inline_auto\" id=\"style-css-av-rr7y-bed6abec01c468d31d2caf3e2407f607\">\n.flex_column.av-rr7y-bed6abec01c468d31d2caf3e2407f607{\npadding:0 0 0 0;\n}\n<\/style>\n<div  class='flex_column av-rr7y-bed6abec01c468d31d2caf3e2407f607 av_one_full  avia-builder-el-6  avia-builder-el-no-sibling  first flex_column_div av-zero-column-padding  '     ><p>\n<style type=\"text\/css\" data-created_by=\"avia_inline_auto\" id=\"style-css-av-lesb3x4c-ac2577ba3973a57a44b92687b3afcbd9\">\n#top .av-special-heading.av-lesb3x4c-ac2577ba3973a57a44b92687b3afcbd9{\npadding-bottom:10px;\n}\nbody .av-special-heading.av-lesb3x4c-ac2577ba3973a57a44b92687b3afcbd9 .av-special-heading-tag .heading-char{\nfont-size:25px;\n}\n.av-special-heading.av-lesb3x4c-ac2577ba3973a57a44b92687b3afcbd9 .av-subheading{\nfont-size:15px;\n}\n<\/style>\n<div  class='av-special-heading av-lesb3x4c-ac2577ba3973a57a44b92687b3afcbd9 av-special-heading-h2  avia-builder-el-7  el_before_av_textblock  avia-builder-el-first '><h2 class='av-special-heading-tag '  itemprop=\"headline\"  >Teilnahme\u00adbedingungen<\/h2><div class=\"special-heading-border\"><div class=\"special-heading-inner-border\"><\/div><\/div><\/div><br \/>\n\n<style type=\"text\/css\" data-created_by=\"avia_inline_auto\" id=\"style-css-av-l3lpdkeh-357b78aaffe01a2a13748d6284807f8e\">\n#top .av_textblock_section.av-l3lpdkeh-357b78aaffe01a2a13748d6284807f8e .avia_textblock{\ncolumn-count:2;\n}\n<\/style>\n<section  class='av_textblock_section av-l3lpdkeh-357b78aaffe01a2a13748d6284807f8e '   itemscope=\"itemscope\" itemtype=\"https:\/\/schema.org\/CreativeWork\" ><div class='avia_textblock av_multi_colums'  itemprop=\"text\" ><p><strong>Teilnahmeberechtigt sind alle Unternehmen der DACH-Region, die sich der Dekarbonisierung und damit einhergehend der Erreichung des 1,5 \u00b0C Ziels verschrieben haben.<\/strong><\/p>\n<p>Eine Berechnung der Klimaperformance ist im Rahmen des Awards nicht auf Basis eines negativen Gesch\u00e4ftsergebnisses m\u00f6glich. Daher werden nur Bewerbungen mit einem positiven Ergebnis aus 2019 ber\u00fccksichtigt. Hierbei erfolgt die Beurteilung auf Grundlage eines quantitativen Fragebogenteils und eines qualitativen Fragebogenteils. F\u00fcr die Finalisten ist die pers\u00f6nliche Teilnahme eines Mitglieds des Vorstandes, Gesch\u00e4ftsf\u00fchrung oder eines Verantwortlichen f\u00fcr den Bereich Nachhaltigkeit an der Preisverleihung im Februar 2025 in D\u00fcsseldorf verpflichtend. Eine Nicht-Teilnahme f\u00fchrt zur Disqualifizierung. Die Bewerbungsphase des Global Transition Awards l\u00e4uft bis zum 12.07.2024.<\/p>\n<\/div><\/section><\/p><\/div><\/div><\/div><\/div><!-- close content main div --><\/div><\/div><div id='av_section_2'  class='avia-section av-leqxati8-ba13d8fd9955b1131d28bac8103f4c07 alternate_color avia-section-default avia-no-border-styling  avia-builder-el-9  el_after_av_section  avia-builder-el-last  avia-bg-style-scroll container_wrap fullsize'  ><div class='container av-section-cont-open' ><div class='template-page content  av-content-full alpha units'><div class='post-entry post-entry-type-page post-entry-90'><div class='entry-content-wrapper clearfix'>\n\n<style type=\"text\/css\" data-created_by=\"avia_inline_auto\" id=\"style-css-av-1iofm-70de19fdbbafc698b595321063b1a935\">\n.flex_column.av-1iofm-70de19fdbbafc698b595321063b1a935{\npadding:0 0 0 0;\n}\n<\/style>\n<div  class='flex_column av-1iofm-70de19fdbbafc698b595321063b1a935 av_one_full  avia-builder-el-10  avia-builder-el-no-sibling  first flex_column_div av-zero-column-padding  '     ><p>\n<style type=\"text\/css\" data-created_by=\"avia_inline_auto\" id=\"style-css-av-lesb4izo-45cdb2e5b5e1a7de9bbe291ab48e6a75\">\n#top .av-special-heading.av-lesb4izo-45cdb2e5b5e1a7de9bbe291ab48e6a75{\npadding-bottom:10px;\n}\nbody .av-special-heading.av-lesb4izo-45cdb2e5b5e1a7de9bbe291ab48e6a75 .av-special-heading-tag .heading-char{\nfont-size:25px;\n}\n.av-special-heading.av-lesb4izo-45cdb2e5b5e1a7de9bbe291ab48e6a75 .av-subheading{\nfont-size:15px;\n}\n<\/style>\n<div  class='av-special-heading av-lesb4izo-45cdb2e5b5e1a7de9bbe291ab48e6a75 av-special-heading-h2  avia-builder-el-11  el_before_av_textblock  avia-builder-el-first '><h2 class='av-special-heading-tag '  itemprop=\"headline\"  >Einverst\u00e4ndnis\u00aderkl\u00e4rung<\/h2><div class=\"special-heading-border\"><div class=\"special-heading-inner-border\"><\/div><\/div><\/div><br \/>\n\n<style type=\"text\/css\" data-created_by=\"avia_inline_auto\" id=\"style-css-av-154gy-2e81804d78d6d0eb56b16a6b0b277339\">\n#top .av_textblock_section.av-154gy-2e81804d78d6d0eb56b16a6b0b277339 .avia_textblock{\ncolumn-count:2;\n}\n<\/style>\n<section  class='av_textblock_section av-154gy-2e81804d78d6d0eb56b16a6b0b277339 '   itemscope=\"itemscope\" itemtype=\"https:\/\/schema.org\/CreativeWork\" ><div class='avia_textblock av_multi_colums'  itemprop=\"text\" ><p><span data-contrast=\"auto\">Mit dem Ausf\u00fcllen der Unternehmensinformationen und dem Versand der Bewerbung erkennen sie sich mit dem Bewerbungsablauf einverstanden und stimmen der Nutzung ihrer Daten im Bewerbungsprozess zu. Wir versichern, dass wir Ihre Unterlagen mit einem H\u00f6chstma\u00df an Vertraulichkeit behandeln. Alle Einsendungen, die es nicht bis in die finale Auswahlrunde schaffen, werden ohne Ihr schriftliches Einverst\u00e4ndnis nicht weitergegeben oder ver\u00f6ffentlicht.<\/span><br \/>\n<span data-contrast=\"auto\">Wir hoffen, dass Ihnen die Seriosit\u00e4t des Handelsblatts als G\u00fctesiegel f\u00fcr das Versprechen der absoluten Vertraulichkeit reicht. Trotzdem haben wir Verst\u00e4ndnis, falls Sie vor der elektronischen Einreichung der Unterlagen eine schriftliche Vertraulichkeitserkl\u00e4rung von uns erhalten m\u00f6chten. In diesem Fall bitten wir Sie, uns unter\u202f<a href=\"mailto:l.gorlt@handelsblattgroup.com\">l.gorlt@handelsblattgroup.com<\/a> <\/span><span data-contrast=\"auto\">eine kurze E-Mail mit Ihrem Namen und der Projektbezeichnung zu senden. Gerne schicken wir Ihnen ein von uns unterschriebenes Dokument.<\/span><br \/>\n<span data-contrast=\"auto\">Mit Einreichen der Bewerbung erkl\u00e4ren Sie sich damit einverstanden, dass das Handelsblatt die Teilnahme Ihres Unternehmens in einer Kurzpr\u00e4sentation inkl. Logo ver\u00f6ffentlicht. Sie r\u00e4umen der Handelsblatt GmbH die dazu erforderlichen Nutzungsrechte ein.<\/span><br \/>\n<span data-contrast=\"auto\">Das Handelsblatt, der Partner right. based on science sowie die Mitglieder der Jury behalten sich das Recht vor, Einreichungen, die als nicht geeignet bewertet werden sowie den Bewerbungskriterien nicht entsprechen, auszuschlie\u00dfen.<\/span><br \/>\n<span data-contrast=\"auto\">F\u00fcr den Verlust oder die Unvollst\u00e4ndigkeit, der durch die Teilnehmer \u00fcbermittelten Daten \u00fcbernimmt Handelsblatt keinerlei Haftung, es sei denn, der Verlust oder die Unvollst\u00e4ndigkeit beruhen auf vors\u00e4tzlichem oder grob fahrl\u00e4ssigem Verhalten der Veranstalter oder seiner Mitarbeiter. Dies gilt auch f\u00fcr die Bekanntmachung von Informationen durch Dritte aufgrund von technischen Fehlern bei der Daten\u00fcbertragung und\/oder unautorisiertem Zugriff.<\/span><br \/>\n<span data-contrast=\"auto\">Der Rechtsweg ist ausgeschlossen.<\/span><span data-ccp-props=\"{\">\u00a0<\/span><\/p>\n<\/div><\/section><\/p><\/div>\n<\/p>\n","protected":false},"excerpt":{"rendered":"","protected":false},"author":13,"featured_media":0,"parent":17,"menu_order":0,"comment_status":"closed","ping_status":"closed","template":"","meta":{"_acf_changed":false,"footnotes":""},"class_list":["post-90","page","type-page","status-publish","hentry"],"acf":[],"_links":{"self":[{"href":"https:\/\/award.handelsblatt.com\/global-transition\/wp-json\/wp\/v2\/pages\/90","targetHints":{"allow":["GET"]}}],"collection":[{"href":"https:\/\/award.handelsblatt.com\/global-transition\/wp-json\/wp\/v2\/pages"}],"about":[{"href":"https:\/\/award.handelsblatt.com\/global-transition\/wp-json\/wp\/v2\/types\/page"}],"author":[{"embeddable":true,"href":"https:\/\/award.handelsblatt.com\/global-transition\/wp-json\/wp\/v2\/users\/13"}],"replies":[{"embeddable":true,"href":"https:\/\/award.handelsblatt.com\/global-transition\/wp-json\/wp\/v2\/comments?post=90"}],"version-history":[{"count":28,"href":"https:\/\/award.handelsblatt.com\/global-transition\/wp-json\/wp\/v2\/pages\/90\/revisions"}],"predecessor-version":[{"id":2675,"href":"https:\/\/award.handelsblatt.com\/global-transition\/wp-json\/wp\/v2\/pages\/90\/revisions\/2675"}],"up":[{"embeddable":true,"href":"https:\/\/award.handelsblatt.com\/global-transition\/wp-json\/wp\/v2\/pages\/17"}],"wp:attachment":[{"href":"https:\/\/award.handelsblatt.com\/global-transition\/wp-json\/wp\/v2\/media?parent=90"}],"curies":[{"name":"wp","href":"https:\/\/api.w.org\/{rel}","templated":true}]}}